
Is 1185 a multiple of 15?
True
Is 592 a multiple of 9?
False
Is 11 a factor of 781?
True
Is 252 a multiple of 6?
True
Is 31 a factor of 11687?
True
Is 17 a factor of 560?
False
Is 936 a multiple of 4?
True
Is 63 a factor of 1449?
True
Does 6 divide 4542?
True
Does 309 divide 76885?
False
Is 672 a multiple of 32?
True
Is 33 a factor of 601?
False
Is 4636 a multiple of 14?
False
Does 13 divide 89947?
True
Is 3572 a multiple of 16?
False
Is 1249 a multiple of 3?
False
Does 32 divide 14272?
True
Does 15 divide 39212?
False
Is 201 a factor of 67737?
True
Does 49 divide 1274?
True
Does 8 divide 2517?
False
Does 138 divide 19872?
True
Is 16 a factor of 4032?
True
Does 7 divide 37178?
False
Is 22326 a multiple of 122?
True
Does 58 divide 1160?
True
Does 86 divide 1376?
True
Is 73 a factor of 18342?
False
Does 9 divide 16335?
True
Is 37 a factor of 2294?
True
Is 66 a factor of 7788?
True
Is 246 a factor of 30258?
True
Is 34 a factor of 1140?
False
Is 61184 a multiple of 16?
True
Is 29 a factor of 1769?
True
Is 1428 a multiple of 14?
True
Is 8967 a multiple of 147?
True
Is 285 a multiple of 4?
False
Does 124 divide 68944?
True
Is 66 a multiple of 6?
True
Is 1863 a multiple of 81?
True
Is 24153 a multiple of 23?
False
Is 1956 a multiple of 29?
False
Does 17 divide 212?
False
Is 68 a factor of 6443?
False
Is 217 a factor of 43400?
True
Is 144 a factor of 24048?
True
Is 8254 a multiple of 169?
False
Is 18050 a multiple of 23?
False
Is 15312 a multiple of 2?
True
Is 20096 a multiple of 4?
True
Is 2896 a multiple of 119?
False
Is 11 a factor of 260?
False
Is 176 a multiple of 16?
True
Does 24 divide 2650?
False
Does 33 divide 52629?
False
Is 9075 a multiple of 15?
True
Is 940 a multiple of 20?
True
Is 2523 a multiple of 11?
False
Is 5688 a multiple of 9?
True
Is 56 a factor of 6061?
False
Does 66 divide 300?
False
Is 55 a factor of 16445?
True
Does 4 divide 376?
True
Is 102 a factor of 3358?
False
Does 13 divide 26?
True
Is 312 a multiple of 8?
True
Does 310 divide 45880?
True
Is 27658 a multiple of 21?
False
Does 32 divide 1175?
False
Does 9 divide 1197?
True
Is 25 a factor of 22700?
True
Is 36 a factor of 828?
True
Is 639 a multiple of 34?
False
Is 264 a factor of 16341?
False
Is 9996 a multiple of 51?
True
Is 916 a multiple of 18?
False
Is 735 a multiple of 49?
True
Does 230 divide 7590?
True
Is 9 a factor of 60534?
True
Is 40 a factor of 3611?
False
Does 14 divide 1430?
False
Does 22 divide 10538?
True
Does 49 divide 3346?
False
Is 7 a factor of 4799?
False
Is 614 a multiple of 10?
False
Is 5472 a multiple of 9?
True
Is 16820 a multiple of 58?
True
Is 19 a factor of 3629?
True
Does 16 divide 2890?
False
Is 110 a multiple of 4?
False
Does 111 divide 7104?
True
Is 522 a multiple of 58?
True
Does 7 divide 12092?
False
Is 5997 a multiple of 2?
False
Does 2 divide 169?
False
Is 3 a factor of 1021?
False
Is 11 a factor of 15966?
False
Is 14 a factor of 26387?
False
Does 8 divide 226?
False
Is 122 a factor of 3904?
True
Is 6266 a multiple of 36?
False
Is 8927 a multiple of 3?
False
Does 18 divide 594?
True
Is 21812 a multiple of 164?
True
Is 25080 a multiple of 209?
True
Is 471 a multiple of 36?
False
Is 24 a factor of 22503?
False
Does 15 divide 74?
False
Is 1530 a multiple of 33?
False
Is 49 a factor of 147?
True
Is 18 a factor of 2430?
True
Does 5 divide 3139?
False
Does 4 divide 52?
True
Is 5943 a multiple of 21?
True
Does 10 divide 350?
True
Is 74872 a multiple of 196?
True
Is 82 a factor of 2132?
True
Does 6 divide 1248?
True
Is 672 a multiple of 16?
True
Does 11 divide 15730?
True
Is 349 a factor of 21944?
False
Does 13 divide 697?
False
Is 405 a multiple of 43?
False
Does 14 divide 829?
False
Does 4 divide 857?
False
Does 70 divide 4760?
True
Is 5 a factor of 247?
False
Does 127 divide 37431?
False
Is 26 a factor of 2560?
False
Is 102 a factor of 29784?
True
Is 4992 a multiple of 12?
True
Does 21 divide 3654?
True
Is 59 a factor of 80830?
True
Does 14 divide 1161?
False
Does 15 divide 135?
True
Is 43 a factor of 12212?
True
Is 11 a factor of 693?
True
Does 106 divide 1484?
True
Is 33 a factor of 10032?
True
Does 5 divide 3723?
False
Does 10 divide 70?
True
Does 9 divide 978?
False
Is 57 a factor of 20634?
True
Is 533 a multiple of 30?
False
Does 10 divide 6293?
False
Does 5 divide 824?
False
Does 26 divide 3208?
False
Is 2520 a multiple of 15?
True
Does 9 divide 126?
True
Is 4770 a multiple of 4?
False
Is 111 a factor of 1206?
False
Is 10 a factor of 153?
False
Is 300 a multiple of 4?
True
Is 28 a factor of 529?
False
Is 143 a factor of 8151?
True
Is 12 a factor of 32882?
False
Does 21 divide 6489?
True
Does 35 divide 11548?
False
Does 7 divide 85806?
True
Does 12 divide 1471?
False
Does 14 divide 541?
False
Is 350 a multiple of 22?
False
Does 15 divide 923?
False
Is 11 a factor of 1386?
True
Does 93 divide 2043?
False
Is 1148 a multiple of 19?
False
Is 869 a multiple of 43?
False
Is 34 a factor of 102?
True
Is 49 a factor of 98?
True
Does 49 divide 1078?
True
Does 56 divide 2838?
False
Is 56 a factor of 280?
True
Is 5 a factor of 306?
False
Is 543 a multiple of 47?
False
Is 3568 a multiple of 94?
False
Does 21 divide 41495?
False
Is 12 a factor of 14741?
False
Is 3 a factor of 75?
True
Is 451 a multiple of 18?
False
Does 69 divide 93190?
False
Does 33 divide 31383?
True
Is 91690 a multiple of 10?
True
Does 57 divide 14221?
False
Is 924 a multiple of 11?
True
Does 10 divide 330?
True
Is 13 a factor of 1733?
False
Does 37 divide 10545?
True
Does 8 divide 9414?
False
Is 2 a factor of 25?
False
Does 5 divide 132?
False
Is 10857 a multiple of 256?
False
Does 10 divide 1623?
False
Is 6579 a multiple of 9?
True
Does 6 divide 1932?
True
Is 21 a factor of 1029?
True
Does 37 divide 91982?
True
Is 11 a factor of 308?
True
Is 1154 a multiple of 20?
False
Does 58 divide 3513?
False
Is 1687 a multiple of 20?
False
Does 27 divide 29268?
True
Is 759 a multiple of 72?
False
Is 14 a factor of 322?
True
Is 8192 a multiple of 16?
True
Does 7 divide 16786?
True
Is 8 a factor of 19450?
False
Is 13 a factor of 38350?
True
Is 573 a multiple of 12?
False
Does 15 divide 6615?
True
Is 3880 a multiple of 84?
False
Is 120 a factor of 6720?
True
Is 133 a multiple of 19?
True
Is 145 a multiple of 28?
False
Is 42 a factor of 15887?
False
Is 12363 a multiple of 17?
False
Is 8583 a multiple of 82?
False
Does 28 divide 15338?
False
Does 41 divide 82?
True
Is 26 a factor of 988?
True
Is 40 a factor of 10564?
False
Is 8000 a multiple of 40?
True
Does 4 divide 343?
False
Is 7084 even?
True
Is 50 a factor of 2150?
True
Is 15 a factor of 255?
True
Is 9 a factor of 4860?
True
Does 24 divide 1032?
True
Does 10 divide 17750?
True
Is 15 a factor of 30?
True
Is 22 a factor of 814?
True
Is 73 a multiple of 9?
False
Does 111 divide 28416?
True
Is 50283 a multiple of 453?
True
Is 37 a factor of 39?
False
Is 2 a factor of 40?
True
Is 9 a factor of 3438?
True
Is 34 a factor of 299?
False
Is 33 a multiple of 5?
False
Is 27998 a multiple of 16?
False
Is 127 a factor of 10414?
True
Does 30 divide 1055?
False
Does 45 divide 67050?
True
Is 4 a factor of 149?
False
Is 13000 a multiple of 27?
False
Is 3 a factor of 173?
False
Is 169 a multiple of 48?
False
Does 27 divide 34290?
True
Is 450 a multiple of 9?
True
Is 23 a factor of 225?
False
Does 13 divide 367?
False
Does 32 divide 37216?
True
Is 4 a factor of 69?
False
Is 1537 a multiple of 29?
True
Is 42 a factor of 240?
False
Does 31 divide 46934?
True
Is 43231 a multiple of 21?
False
Is 910 a multiple of 13?
True
Is 1210 a multiple of 35?
False
Does 27 divide 567?
True
Is 142 a factor of 8378?
True
Is 168 a factor of 30193?
False
Is 133 a factor of 13343?
False
Is 113 a factor of 6009?
False
Is 4611 a multiple of 159?
True
Is 197 a factor of 84116?
False
Is 183 a factor of 26324?
False
Is 21 a factor of 409?
False
Is 37124 a multiple of 36?
False
Does 146 divide 20586?
True
Is 307 a factor of 11359?
True
Is 826 a multiple of 3?
False
Does 8 divide 692?
False
Is 1815 a multiple of 121?
True
Is 7200 a multiple of 12?
True
Is 89 a multiple of 5?
False
Does 26 divide 6110?
True
Is 3 a factor of 609?
True
Is 30 a factor of 809?
False
Does 60 divide 2378?
False
Does 18 divide 3791?
False
Does 6 divide 828?
True
Does 6 divide 94464?
True
Is 1122 a multiple 